{"id":90,"date":"2025-07-03T23:32:07","date_gmt":"2025-07-03T23:32:07","guid":{"rendered":"https:\/\/gruposolido.com.mx\/santaanitahorizonte\/?page_id=90"},"modified":"2025-07-03T23:32:07","modified_gmt":"2025-07-03T23:32:07","slug":"terminos-y-condiciones-de-las-garantias","status":"publish","type":"page","link":"https:\/\/gruposolido.com.mx\/santaanitahorizonte\/terminos-y-condiciones-de-las-garantias\/","title":{"rendered":"T\u00e9rminos y condiciones de las garant\u00edas"},"content":{"rendered":"<div class=\"oxy-rich-text-90-100 oxy-rich-text\">\n<h2 style=\"text-align: center;\">T\u00c9RMINOS Y CONDICIONES DE LAS GARANT\u00cdAS<\/h2>\n<p>\u201cAcorde a lo que establece el Art\u00edculo 73 Qu\u00e1ter de la Ley Federal de Protecci\u00f3n al Consumidor, todo bien inmueble tiene una garant\u00eda de cinco a\u00f1os para cuestiones estructurales, y tres a\u00f1os para impermeabilizaci\u00f3n; para los dem\u00e1s elementos, la garant\u00eda ser\u00e1 de un a\u00f1o. Estos plazos ser\u00e1n contados a partir de la entrega real del bien. En el tiempo en que dure la garant\u00eda, el desarrollador tendr\u00e1 la obligaci\u00f3n de realizar, sin costo alguno para el consumidor, cualquier acto tendiente a la reparaci\u00f3n de los defectos o fallas presentadas por el bien objeto de la compraventa.<br \/><br \/><\/p>\n<p>\u2022 El tiempo que duren las reparaciones efectuadas al inmueble al amparo de\u00a0la garant\u00eda no es computable dentro del plazo de la misma; una vez que el\u00a0inmueble haya sido reparado se iniciar\u00e1 la garant\u00eda respecto de las\u00a0reparaciones realizadas, as\u00ed como con relaci\u00f3n a las piezas o bienes que\u00a0hubieren sido repuestos y continuar\u00e1 respecto al resto del inmueble.<\/p>\n<p>\u2022 Las garant\u00edas quedar\u00e1n invalidadas si por cualquier acto, el consumidor y\/o cualquier persona contratada por \u00e9ste, hiciera modificaciones, y\/o remodelaciones, y\/o alteraciones en cualquier componente de la vivienda\u201d.<\/p>\n<p>\u2022 Las garant\u00edas se perder\u00e1n al dar un uso distinto al de Casa-Habitaci\u00f3n.<\/p>\n<p>\u2022 No se atender\u00e1n da\u00f1os ocasionados por vecinos y\/o terceros.<\/p>\n<p>\u2022 El desarrollador no se hace responsable por actos de robo o vandalismo en la vivienda.<\/p>\n<p>\u2022 Las garant\u00edas no son v\u00e1lidas por falta de mantenimiento a la vivienda<\/p>\n<p>\u2022 Las garant\u00edas no cubren da\u00f1o alguno ocasionado por fen\u00f3menos naturales.<\/p>\n<p>\u2022 Las garant\u00edas no ser\u00e1n v\u00e1lidas cuando las protecciones de herrer\u00eda durante\u00a0su instalaci\u00f3n hayan da\u00f1ado alguno de los elementos de la vivienda, por no\u00a0haber seguido los procesos indicados por el desarrollador.<\/p>\n<p>\u2022 Las garant\u00edas no ser\u00e1n v\u00e1lidas cuando durante la instalaci\u00f3n de las antenas para la obtenci\u00f3n de servicios (internet, televisi\u00f3n por cable, tel\u00e9fono) hayan\u00a0da\u00f1ado alguno de los elementos de la vivienda, por no haber seguido las\u00a0indicaciones proporcionadas por el desarrollador\u201d.<\/p>\n<h4><strong>\u00bfC\u00f3mo contactarnos?<\/strong><\/h4>\n<p>Si usted tiene alguna duda sobre el presente T\u00e9rminos y Condiciones de las Garant\u00edas puede dirigirla a:<\/p>\n<ul>\n<li>La direcci\u00f3n electr\u00f3nica\u00a0<strong><a href=\"mailto:mercadotecnia@solido.com.mx\">mercadotecnia@solido.com.mx<\/a><\/strong><\/li>\n<li>Al tel\u00e9fono\u00a0<strong><a href=\"tel:3330012600\">(33) 30012600<\/a><\/strong><\/li>\n<\/ul>\n<\/div>","protected":false},"excerpt":{"rendered":"<p>T\u00c9RMINOS Y CONDICIONES DE LAS GARANT\u00cdAS \u201cAcorde a lo que establece el Art\u00edculo 73 Qu\u00e1ter de la Ley Federal de Protecci\u00f3n al Consumidor, todo bien inmueble tiene una garant\u00eda de cinco a\u00f1os para cuestiones estructurales, y tres a\u00f1os para impermeabilizaci\u00f3n; para los dem\u00e1s elementos, la garant\u00eda ser\u00e1 de un a\u00f1o. Estos plazos ser\u00e1n contados a [&hellip;]<\/p>\n","protected":false},"author":2,"featured_media":0,"parent":0,"menu_order":0,"comment_status":"closed","ping_status":"closed","template":"","meta":{"_oxygen_hide_in_design_set":false,"_oxygen_tags":"","footnotes":""},"class_list":["post-90","page","type-page","status-publish","hentry"],"yoast_head":"<!-- This site is optimized with the Yoast SEO Premium plugin v25.3 (Yoast SEO v25.3) - https:\/\/yoast.com\/wordpress\/plugins\/seo\/ -->\n<title>T\u00e9rminos y condiciones de las garant\u00edas - Santa Anita Horizonte | Departamentos con amenidades para familias en fraccionamiento privado<\/title>\n<meta name=\"robots\" content=\"index, follow, max-snippet:-1, max-image-preview:large, max-video-preview:-1\" \/>\n<link rel=\"canonical\" href=\"https:\/\/gruposolido.com.mx\/santaanitahorizonte\/terminos-y-condiciones-de-las-garantias\/\" \/>\n<meta property=\"og:locale\" content=\"es_MX\" \/>\n<meta property=\"og:type\" content=\"article\" \/>\n<meta property=\"og:title\" content=\"T\u00e9rminos y condiciones de las garant\u00edas\" \/>\n<meta property=\"og:description\" content=\"T\u00c9RMINOS Y CONDICIONES DE LAS GARANT\u00cdAS \u201cAcorde a lo que establece el Art\u00edculo 73 Qu\u00e1ter de la Ley Federal de Protecci\u00f3n al Consumidor, todo bien inmueble tiene una garant\u00eda de cinco a\u00f1os para cuestiones estructurales, y tres a\u00f1os para impermeabilizaci\u00f3n; para los dem\u00e1s elementos, la garant\u00eda ser\u00e1 de un a\u00f1o. Estos plazos ser\u00e1n contados a [&hellip;]\" \/>\n<meta property=\"og:url\" content=\"https:\/\/gruposolido.com.mx\/santaanitahorizonte\/terminos-y-condiciones-de-las-garantias\/\" \/>\n<meta property=\"og:site_name\" content=\"Santa Anita Horizonte | Departamentos con amenidades para familias en fraccionamiento privado\" \/>\n<meta name=\"twitter:card\" content=\"summary_large_image\" \/>\n<meta name=\"twitter:label1\" content=\"Tiempo de lectura\" \/>\n\t<meta name=\"twitter:data1\" content=\"2 minutos\" \/>\n<script type=\"application\/ld+json\" class=\"yoast-schema-graph\">{\"@context\":\"https:\/\/schema.org\",\"@graph\":[{\"@type\":\"WebPage\",\"@id\":\"https:\/\/gruposolido.com.mx\/santaanitahorizonte\/terminos-y-condiciones-de-las-garantias\/\",\"url\":\"https:\/\/gruposolido.com.mx\/santaanitahorizonte\/terminos-y-condiciones-de-las-garantias\/\",\"name\":\"T\u00e9rminos y condiciones de las garant\u00edas - Santa Anita Horizonte | Departamentos con amenidades para familias en fraccionamiento privado\",\"isPartOf\":{\"@id\":\"https:\/\/gruposolido.com.mx\/santaanitahorizonte\/#website\"},\"datePublished\":\"2025-07-03T23:32:07+00:00\",\"breadcrumb\":{\"@id\":\"https:\/\/gruposolido.com.mx\/santaanitahorizonte\/terminos-y-condiciones-de-las-garantias\/#breadcrumb\"},\"inLanguage\":\"es\",\"potentialAction\":[{\"@type\":\"ReadAction\",\"target\":[\"https:\/\/gruposolido.com.mx\/santaanitahorizonte\/terminos-y-condiciones-de-las-garantias\/\"]}]},{\"@type\":\"BreadcrumbList\",\"@id\":\"https:\/\/gruposolido.com.mx\/santaanitahorizonte\/terminos-y-condiciones-de-las-garantias\/#breadcrumb\",\"itemListElement\":[{\"@type\":\"ListItem\",\"position\":1,\"name\":\"Home\",\"item\":\"https:\/\/gruposolido.com.mx\/santaanitahorizonte\/\"},{\"@type\":\"ListItem\",\"position\":2,\"name\":\"T\u00e9rminos y condiciones de las garant\u00edas\"}]},{\"@type\":\"WebSite\",\"@id\":\"https:\/\/gruposolido.com.mx\/santaanitahorizonte\/#website\",\"url\":\"https:\/\/gruposolido.com.mx\/santaanitahorizonte\/\",\"name\":\"Santa Anita Horizonte | Departamentos con amenidades para familias en fraccionamiento privado\",\"description\":\"Descubre Santa Anita Horizonte: departamentos de 47.87 y 78 m\u00b2 en fraccionamiento privado con alberca, \u00e1reas verdes, juegos, trotapista y locales comerciales. Ideal para familias.\",\"potentialAction\":[{\"@type\":\"SearchAction\",\"target\":{\"@type\":\"EntryPoint\",\"urlTemplate\":\"https:\/\/gruposolido.com.mx\/santaanitahorizonte\/?s={search_term_string}\"},\"query-input\":{\"@type\":\"PropertyValueSpecification\",\"valueRequired\":true,\"valueName\":\"search_term_string\"}}],\"inLanguage\":\"es\"}]}<\/script>\n<!-- \/ Yoast SEO Premium plugin. -->","yoast_head_json":{"title":"T\u00e9rminos y condiciones de las garant\u00edas - Santa Anita Horizonte | Departamentos con amenidades para familias en fraccionamiento privado","robots":{"index":"index","follow":"follow","max-snippet":"max-snippet:-1","max-image-preview":"max-image-preview:large","max-video-preview":"max-video-preview:-1"},"canonical":"https:\/\/gruposolido.com.mx\/santaanitahorizonte\/terminos-y-condiciones-de-las-garantias\/","og_locale":"es_MX","og_type":"article","og_title":"T\u00e9rminos y condiciones de las garant\u00edas","og_description":"T\u00c9RMINOS Y CONDICIONES DE LAS GARANT\u00cdAS \u201cAcorde a lo que establece el Art\u00edculo 73 Qu\u00e1ter de la Ley Federal de Protecci\u00f3n al Consumidor, todo bien inmueble tiene una garant\u00eda de cinco a\u00f1os para cuestiones estructurales, y tres a\u00f1os para impermeabilizaci\u00f3n; para los dem\u00e1s elementos, la garant\u00eda ser\u00e1 de un a\u00f1o. Estos plazos ser\u00e1n contados a [&hellip;]","og_url":"https:\/\/gruposolido.com.mx\/santaanitahorizonte\/terminos-y-condiciones-de-las-garantias\/","og_site_name":"Santa Anita Horizonte | Departamentos con amenidades para familias en fraccionamiento privado","twitter_card":"summary_large_image","twitter_misc":{"Tiempo de lectura":"2 minutos"},"schema":{"@context":"https:\/\/schema.org","@graph":[{"@type":"WebPage","@id":"https:\/\/gruposolido.com.mx\/santaanitahorizonte\/terminos-y-condiciones-de-las-garantias\/","url":"https:\/\/gruposolido.com.mx\/santaanitahorizonte\/terminos-y-condiciones-de-las-garantias\/","name":"T\u00e9rminos y condiciones de las garant\u00edas - Santa Anita Horizonte | Departamentos con amenidades para familias en fraccionamiento privado","isPartOf":{"@id":"https:\/\/gruposolido.com.mx\/santaanitahorizonte\/#website"},"datePublished":"2025-07-03T23:32:07+00:00","breadcrumb":{"@id":"https:\/\/gruposolido.com.mx\/santaanitahorizonte\/terminos-y-condiciones-de-las-garantias\/#breadcrumb"},"inLanguage":"es","potentialAction":[{"@type":"ReadAction","target":["https:\/\/gruposolido.com.mx\/santaanitahorizonte\/terminos-y-condiciones-de-las-garantias\/"]}]},{"@type":"BreadcrumbList","@id":"https:\/\/gruposolido.com.mx\/santaanitahorizonte\/terminos-y-condiciones-de-las-garantias\/#breadcrumb","itemListElement":[{"@type":"ListItem","position":1,"name":"Home","item":"https:\/\/gruposolido.com.mx\/santaanitahorizonte\/"},{"@type":"ListItem","position":2,"name":"T\u00e9rminos y condiciones de las garant\u00edas"}]},{"@type":"WebSite","@id":"https:\/\/gruposolido.com.mx\/santaanitahorizonte\/#website","url":"https:\/\/gruposolido.com.mx\/santaanitahorizonte\/","name":"Santa Anita Horizonte | Departamentos con amenidades para familias en fraccionamiento privado","description":"Descubre Santa Anita Horizonte: departamentos de 47.87 y 78 m\u00b2 en fraccionamiento privado con alberca, \u00e1reas verdes, juegos, trotapista y locales comerciales. Ideal para familias.","potentialAction":[{"@type":"SearchAction","target":{"@type":"EntryPoint","urlTemplate":"https:\/\/gruposolido.com.mx\/santaanitahorizonte\/?s={search_term_string}"},"query-input":{"@type":"PropertyValueSpecification","valueRequired":true,"valueName":"search_term_string"}}],"inLanguage":"es"}]}},"_links":{"self":[{"href":"https:\/\/gruposolido.com.mx\/santaanitahorizonte\/wp-json\/wp\/v2\/pages\/90","targetHints":{"allow":["GET"]}}],"collection":[{"href":"https:\/\/gruposolido.com.mx\/santaanitahorizonte\/wp-json\/wp\/v2\/pages"}],"about":[{"href":"https:\/\/gruposolido.com.mx\/santaanitahorizonte\/wp-json\/wp\/v2\/types\/page"}],"author":[{"embeddable":true,"href":"https:\/\/gruposolido.com.mx\/santaanitahorizonte\/wp-json\/wp\/v2\/users\/2"}],"replies":[{"embeddable":true,"href":"https:\/\/gruposolido.com.mx\/santaanitahorizonte\/wp-json\/wp\/v2\/comments?post=90"}],"version-history":[{"count":3,"href":"https:\/\/gruposolido.com.mx\/santaanitahorizonte\/wp-json\/wp\/v2\/pages\/90\/revisions"}],"predecessor-version":[{"id":94,"href":"https:\/\/gruposolido.com.mx\/santaanitahorizonte\/wp-json\/wp\/v2\/pages\/90\/revisions\/94"}],"wp:attachment":[{"href":"https:\/\/gruposolido.com.mx\/santaanitahorizonte\/wp-json\/wp\/v2\/media?parent=90"}],"curies":[{"name":"wp","href":"https:\/\/api.w.org\/{rel}","templated":true}]}}